. Determine j(h).
6
Let i be (-2 - 420/18)/((-2)/(-3)). Let p be ((-57)/i)/(-3 + 26/8). Let a(m) = m - 2. Let s(o) = o - 1. Let l(g) = -2*a(g) + 3*s(g). What is l(p)?
7
Let l(g) be the second derivative of -g**5/20 - 13*g**4/6 - 13*g**3/3 - 3*g**2/2 - g - 380. Give l(-25).
22
Let n be ((-27)/(-3) + 221/(-26))*18. Let y(i) = -i**2 + 10*i - 19. Determine y(n).
-10
Suppose -18*c = 13*c - 25*c. Suppose c = -o + 5*o - 0*o. Let a(s) = s**2 - 46. Calculate a(o).
-46
Let b(v) = v**3 + 0*v**2 + 0*v**2 - v**2 - 2*v**3. Suppose 6*y - 8*y = -6. Suppose y*x = 2*k - 14, -7*k + 26 = -5*x - 3*k. Determine b(x).
4
Let u(q) = 15*q**2 - 11*q - 6. Let c(p) = 28*p**2 - 20*p - 11. Let w(i) = 6*c(i) - 11*u(i). Let t(r) = r**3 + 1. Let b be t(0). Give w(b).
4
Let m(x) = -x**3 + 17*x**2 - 15*x + 13. Let i = -4827 - -4843. Calculate m(i).
29
Let l = -13 - -23. Suppose l = 16*t - 6*t. Let g(z) = 21*z + 13*z - 29*z. Calculate g(t).
5
Let b = -10 + 17. Let r(m) = -8*m**2 + 9*m**2 - m - 31015394 + 31015389. Determine r(b).
37
Let h = 53 - 69. Let o be h/28 - (-25)/7. Suppose -33 = 5*y - o. Let v(d) = d**3 + 7*d**2 + 7*d - 2. What is v(y)?
-8
Suppose 175 + 105 = 5*g. Let d = -54 + g. Let x(o) = -d*o - 5 - o**3 - o**2 + 2 - 4 + 4. Calculate x(-2).
5
Let w(m) = 3*m + 1. Suppose 5*s + 3*k - 23 = 2*k, 3*k = 4*s - 7. Suppose 5*n + 30 = -15*t + 20*t, 0 = -s*n - 3*t + 11. Calculate w(n).
-2
Let b(i) = -i**2 + 4*i - 3. Suppose -7*y + 13 = -15. Suppose 4*q + y*x = 60, -4*q + 27 = -5*x - 6. Suppose -2*p = k, 0 = 3*k - 0*k + q. Give b(p).
1
Let s(c) be the third derivative of c**6/180 + c**5/30 + c**4/8 + 21*c**3/2 + 32*c**2. Let d(y) be the first derivative of s(y). Calculate d(-3).
9
Let t(b) = -13*b**2 - 43*b - 30. Let p(z) = -3*z**2. Let j(v) = -6*p(v) + t(v). Determine j(9).
-12
Let k be 6380/(-924) - 6/63 - -6. Let g = -2 + 3. Let b(n) = -6*n + 4. Let t(r) = -r + 1. Let z(u) = g*b(u) - 3*t(u). Calculate z(k).
4
Let c(x) = 1. Let n(k) = -21*k - 6. Let t(w) = 19*w + 5. Let s(h) = 4*n(h) + 5*t(h). Let m(u) = 4*c(u) - s(u). Determine m(-2).
25
Let b(d) = 5*d**2 - 102*d - 58. Suppose 2*k - k + 19 = -5*y, 3*y = -4*k + 60. Give b(k).
5
Let c be (-4)/(-6)*120/(-40)*-2. Suppose -c*j + j - 24 = -6*p, -p = -3*j - 24. Let u(d) = -3*d - 11. Calculate u(j).
13
Suppose -563 = 3*l - 2*a, 0 = l + a + 2*a + 195. Let f = l + 399. Let d(j) = -f*j + 108*j + 110*j. Calculate d(1).
8
Let o(v) = -2*v**2 + 26*v + 95. Let s(k) = 3*k**2 - 42*k - 143. Let g(m) = -8*o(m) - 5*s(m). What is g(6)?
3
Let h = 16 + -11. Suppose 0*c - 5*c + h = 0, 5*q - 133 = -3*c. Suppose -28*y = -q*y. Let m(s) = -s + 6. Calculate m(y).
6
Let m(p) = -p**3 - 51*p**2 + 19*p**2 - 7 + 12 - 5 + 41 - 59*p. What is m(-30)?
11
Let b(a) = 2*a**3 + 8*a**2 + 4*a - 9. Let n(l) = -l**3 - l**2 + 3*l + 1. Let u(m) = -b(m) - n(m). Suppose y + 10 = -2*i + 1, -3*i - 33 = -5*y. What is u(i)?
14
Let m(x) = 2*x. Let p(n) = 46*n - 357. Let c be p(8). Let g be 4/(-12)*(c - -7) - 0. Calculate m(g).
-12
Let c(s) = -3*s + 2. Suppose -4*o = 12, -11 = -5*j - 3*o - 0*o. Let q be 4 + (7 - 5) - j. Let a(b) = -4*b + 3. Let p(f) = q*a(f) - 3*c(f). Calculate p(6).
6
Let w(l) be the second derivative of -l**4/3 + 11*l**3 + 27*l**2 + 35*l - 51. Give w(17).
20
Let p(z) be the first derivative of -5*z**2/2 - z - 768. Give p(13).
-66
Let d(g) = 8*g**2 - g. Suppose -10 = -2*y + 4. Suppose -4 = -5*p - t, 2*p - 4*t = -p + y. What is d(p)?
7
Let z(r) = -13*r - 45. Let h be z(-4). Let i(d) = -d**3 + 1 - 1 - 3*d**2 + 2*d**2 + h - 3. Calculate i(0).
4
Let w(s) = -s - 7. Let i = 6 + -4. Suppose 0 = -20*c + 18*c + i. Let a be (c + 2 - (3 + 0))/1. What is w(a)?
-7
Let a(c) = -2*c**2 - 43*c - 158. Let t be a(-17). Let k(u) = 2*u**2 - 4*u + 2. Calculate k(t).
72
Let b(t) be the second derivative of -t**4/12 + 13*t**3/6 - 35*t**2/2 + 43*t + 35. Calculate b(10).
-5
Let b(o) = o**3 - 11*o**2 + 16*o + 17. Let x(z) = -z**3 - 11*z**2 + 12*z + 9. Let q be x(-12). Let j be b(q). Let c(s) = 7*s**3 + s**2 - 1. Calculate c(j).
-7
Suppose -3*v + 121 = k, -2*v - 13*k + 62 = -17*k. Let c(w) = -38*w + 2*w**2 - 33*w + 121*w - v*w - w**2 + 16. What is c(-11)?
16
Let x(g) = g**2 - g + 25. Let r(j) = -2*j**2 - 12*j - 35. Let i(u) = -r(u) - x(u). What is i(-11)?
-12
Let t(z) be the first derivative of -z**2/2 - 7*z - 469. Let h(u) = -u**3 - 12*u**2 + 14*u + 10. Let w be h(-13). Determine t(w).
-4
Let g(y) = y**2 + 8*y + 7. Let f(n) = -n**3 - 6*n**2 + 8*n + 7. Let m be f(-7). Suppose m = o + 8 - 10. Suppose -s - 5*j = 2*s + 8, o*s + 6 = -3*j. Give g(s).
-5
Suppose -3*z = -3*d - 2*z + 234, 0 = z. Let i = 61 - d. Let b = -19 - i. Let r(h) = -2*h**3 - 2*h**2 + 2*h + 2. What is r(b)?
6
Let d(j) be the second derivative of -j**4/12 - 11*j**3/3 - 19*j**2 + 46*j. What is d(-21)?
-17
Let v = -84 + 82. Let n(u) be the second derivative of u**3/6 - 2*u**2 - 83*u. Calculate n(v).
-6
Let g(c) = c**3 + 26*c**2 - 2*c + 10. Let s be g(-26). Let d(h) = 3*h**2 + s*h - 31*h - 29*h. Give d(-2).
8
Suppose -93*h + 2 = 5*o - 95*h, 2*o - h = 2. Let p(j) = 3*j**3 - 2*j**2 - j - 1. Let l(a) = 2*a**3 - 2*a**2. Let q(k) = -4*l(k) + 3*p(k). Calculate q(o).
3
Let p(z) = 3*z**3 - 6*z**2 - 13*z + 34. Let k be p(3). Let w(u) = u**2 - 21*u - 15. Give w(k).
7
Suppose 56 = -107*x + 56. Let n(z) be the third derivative of x + 0*z + 5/6*z**3 - 1/24*z**4 + 11*z**2. Determine n(-5).
10
Let l(r) = -r**2 + 2*r - 6. Let u(b) = b**2 - 24*b - 57. Let j(v) = -2*v**2 + 24*v + 54. Let k(c) = 2*j(c) + 3*u(c). Let s be k(-21). Calculate l(s).
-6
Suppose 0 = -4*b + 4*u - 8 + 40, 2 = 2*u. Suppose -h - 4 = -b. Let q(x) = x - 1. What is q(h)?
4
Let j = -14690 + 14689. Suppose -8 = -2*s - 0*l - 4*l, -l - 16 = -4*s. Let b(p) = -5*p + 10. Let g(t) = -t + 1. Let i(q) = j*b(q) + s*g(q). Determine i(7).
1
Let b = -2562 - -2574. Let l(z) be the first derivative of -3/2*z**2 - b + 1/3*z**3 - 5*z. Calculate l(6).
13
Let i(n) = -6*n + 5. Let w = -6 + 4. Let u(s) = 7*s - 4. Let v(o) = w*u(o) - 3*i(o). Let c(d) = -d**3 + 13*d**2 - 2*d + 31. Let x be c(13). Determine v(x).
13
Let p(v) be the third derivative of -v**4/3 - v**3/6 + 5*v**2 + v. Suppose 5*n - 2*y - 8 = 0, -10*y + 8 = 2*n - 6*y. What is p(n)?
-17
Suppose 0 = -0*y - 5*y - 3*j + 32, -3*j + 20 = 2*y. Let a(w) = -2 + 0*w + w - 2 + 3 + 0. What is a(y)?
3
Let d(h) = 17*h + 37. Let b(a) = 28*a + 68. Let f(g) = -3*b(g) + 5*d(g). Calculate f(0).
-19
Let j(m) = 51*m**2 - 7*m + 9. Let f(d) be the third derivative of 13*d**5/30 - d**4/6 + 5*d**3/6 - 111*d**2. Let x(o) = 11*f(o) - 6*j(o). Determine x(1).
-21
Let g(n) = 4*n**2 + 32*n - 362. Let u(x) = -x**2 - x + 21. Let o(k) = g(k) + 3*u(k). What is o(8)?
-3
Suppose -20*g + 382 = -278. Suppose 39 + g = 8*t. Let z(r) = 2*r - 4. Determine z(t).
14
Let t(m) = 21 + 3*m + 30 - 10*m**2 + 8*m**2 + m**2 - 6*m. Determine t(6).
-3
Let p(n) be the second derivative of -n**7/2520 - n**6/72 + 7*n**4/4 - n**2/2 - 62*n - 2. Let s(w) be the third derivative of p(w). What is s(-5)?
25
Let u(f) be the second derivative of f**4/6 + f**3/2 - 157*f**2/2 + 20*f - 1. Calculate u(8).
-5
Let w(t) = t**3 + 5*t**2 + 2*t + 4. Let d = 98 + -93. Suppose -d*u = 5*z + 40, -11*z - 4*u = -16*z - 4. Determine w(z).
12
Let n(u) be the first derivative of u**4/2 - 2*u**3/3 - u**2 + 2. Suppose -98*l = 88 - 284. Determine n(l).
4
Let k(z) = 3*z - 2. Let f be -1 - 9/6*-6. Let s = -1610 - -1635. Suppose -s*q = -29*q + f. Calculate k(q).
4
Let m(s) = s**2 - s - 2. Let u(b) = 0 - 7*b + 0 + 1 + 8*b. Let h(n) = -m(n) - 5*u(n). Give h(-2).
1
Let h(l) be the second derivative of -17*l**3/6 - 191*l**2/2 + l - 55. Calculate h(-11).
-4
Let f(g) = -1 + 5*g + 5816676*g**2 - 5816671*g**2 - 2. What is f(3)?
57
Suppose 0 = -w - 334 + 335, 4*m + 151 = 3*w. Let z(t) = -t**2 - 39*t - 66. Determine z(m).
8
Let m = 261 + -257. Let q be (1/m)/((-73)/876). Let y(h) = h + 10. Calculate y(q).
7
Let n(l) = 685*l + 680*l - 2041*l + 683*l. What is n(13)?
91
Let c(m) = m - 16. Let x(a) = -7*a + 33 - 3*a + 9*a. Let b = 47 - 24. Let q be x(b). Give c(q).
-6
Let n(s) = 2*s - 21. Suppose -46*d = -19*d - 297. Calculate n(d).
1
Let x(v) = v**3 + 6*v**2 + 5. Suppose 0 = 8*n - 17 - 7. Suppose -n*z = 9, 4*a - 2*z + z = -21. Determine x(a).
5
Let q = 10 - 17. Let w(i) = -3*i + 12. Let p(v) = -7 - 2 + 14 - 1 - v. Let d(c) = -7*p(c) + 2*w(